 13. Calculate the remainder when 75/n*6/(-3) is divided by m(0).
12
Let b(k) = -4*k + 7. Let v(d) = -d. Let o(r) = -2*b(r) + 10*v(r). Calculate the remainder when 46 is divided by o(-13).
10
Suppose 417 = -2*o + 5*o. Let c = -89 + o. Calculate the remainder when c is divided by 26.
24
Suppose 26 + 374 = 4*g. What is the remainder when g is divided by 15?
10
Suppose -3*l + 145 = -2*q - 3*q, 2*l - 90 = 2*q. Let s = 34 + -20. Suppose 0 = -2*j + 14 + s. Calculate the remainder when l is divided by j.
12
Suppose -8*h + 3*h + 65 = 0. Calculate the remainder when 64 is divided by h.
12
Let k(i) = -i + 3. Let h be k(-5). Suppose 4*d - h = 4. Suppose 5*l = 5 + 10. Calculate the remainder when l is divided by d.
0
What is the remainder when 84 - ((-6)/18 - 8/3) is divided by 44?
43
Let w = -58 - -85. What is the remainder when w is divided by (2 - 1*-5)*2?
13
Suppose -2*v - 70 = -5*m, 1 + 3 = -m + 4*v. Calculate the remainder when m is divided by 9.
7
Let s(t) = 2*t**3 - 4*t**2 - 4. Let f be s(3). Let j(y) = y**3 - 9*y**2 - 6*y - 9. Let p be j(10). Let u = p + f. What is the remainder when u is divided by 12?
9
Calculate the remainder when (4 - 37)/(0/1 - 1) is divided by 9.
6
What is the remainder when 21/105 + (-64)/(-5) is divided by 8?
5
Let d(w) be the third derivative of 0 + 0*w + 1/6*w**3 - 1/12*w**4 + 2*w**2 + 9/40*w**6 + 0*w**5. Calculate the remainder when d(1) is divided by 9.
8
Let i(n) = 5*n**2 - 2*n - 8. Let v(d) = -6*d**2 + 3*d + 9. Let k(s) = 5*i(s) + 4*v(s). What is the remainder when k(6) is divided by 15?
14
Suppose 14 = 3*b - f, b - 5 - 1 = -f. Calculate the remainder when b is divided by 5.
0
What is the remainder when (-1)/4*-14*4 is divided by 5?
4
Let v = 80 - 39. Let j = v - -70. What is the remainder when j is divided by 38?
35
Suppose 4*d - 39 = -3. Let f(z) = z**2 - 8*z - 4. What is the remainder when 13 is divided by f(d)?
3
Let o = 58 - -13. Let s = 118 - o. Calculate the remainder when s is divided by 16.
15
What is the remainder when 47 is divided by 14 - 3/3*1?
8
Let m(l) = 15*l + 2. Let v be (2/(-1))/(-2) - 1. Suppose v = 4*c - c - 33. What is the remainder when m(2) is divided by c?
10
Let c = -4 + 44. Calculate the remainder when c is divided by 22.
18
Calculate the remainder when (-1 + -6)*(-20)/35 is divided by 3.
1
Let y be 16/(-72) - (-22)/18. Suppose y + 5 = 2*j. Calculate the remainder when 5 is divided by j.
2
Suppose 0 = 6*p - 3*p - 2*a - 5, 4*a = 5*p - 9. Let q = 1 - 1. Suppose q = 3*s - 0*f + 3*f - 3, 0 = -5*s + f + 5. What is the remainder when s is divided by p?
0
Suppose -2*c = 2*z + 2*z - 48, 0 = 4*c - 5*z - 83. Calculate the remainder when c is divided by 6.
4
Suppose -5*i = -3*p + 75, -2*p + 0*p - 2*i + 66 = 0. What is the remainder when 56 is divided by p?
26
Let k = 21 + -12. Suppose -3*q - 40 = 2*q. Let w = 25 + q. Calculate the remainder when w is divided by k.
8
Suppose -4*j - q + 12 = 0, j + 3*q + 28 = 5*j. Suppose -6*z = -j*z - 106. Calculate the remainder when z is divided by 18.
17
Let y = -308 + 318. Let b be (36 + 1)*-1 - 1. Calculate the remainder when (b/(-6))/(1/3) is divided by y.
9
Suppose 0 = 3*r - 5 - 1. Suppose 4*o = r*o + 12. Suppose d - 16 = -2*z, 13 = 3*z + d - 13. What is the remainder when z is divided by o?
4
Let g = 1 - 1. Let l be g - 2 - (-4 - -2). Let x = 4 - l. What is the remainder when 10 is divided by x?
2
Let i(z) = 3*z**2 - 12*z - 24. Calculate the remainder when i(-5) is divided by 23.
19
Suppose 0 = 6*s - 3*s + 3. Suppose 0 = -o + 6*o - 70. Calculate the remainder when 41 + s - (-2 + 3) is divided by o.
11
Let j be (68/10 - -2)*15. Let n be j/9 - 2/(-6). Suppose -r = -2*i - n, r - i - 9 - 3 = 0. Calculate the remainder when 25 is divided by r.
7
Let h(n) = n**2 - 2*n - 1. Calculate the remainder when 38 is divided by h(-3).
10
Let s(v) = v + 5. What is the remainder when 16 is divided by s(5)?
6
Let f = -34 + 93. What is the remainder when f is divided by 21?
17
Let q(u) = u**3 - 30*u**2 - u + 64. Suppose 9*l = 3*k + 4*l - 34, 5*k = -5*l - 10. Suppose -x = -6 - k. Calculate the remainder when q(30) is divided by x.
7
Let j = 39 - 20. Calculate the remainder when 92 is divided by j.
16
Let k be (-6)/21 - (-60)/14. Suppose 11 = k*j - 217. What is the remainder when j is divided by 1*-5*(-9)/3?
12
Let d(z) = z**2 - 2*z - 5. Calculate the remainder when d(-5) is divided by 16.
14
Let k(a) = -2*a**2 + a + 5. Let x be k(4). Let y(z) = -44*z - 2. Let j be y(-1). Let p = j + x. What is the remainder when p is divided by 10?
9
Suppose -10*i - 150 = -15*i. Calculate the remainder when i is divided by 19.
11
Suppose 4*p + 18 = 4*u - 50, 2*u + p - 46 = 0. What is the remainder when 82 is divided by u?
19
Let l(i) = 6*i**2 - 2. Calculate the remainder when l(3) is divided by 11.
8
Suppose 60 - 6 = 3*t + 4*m, 4*t - 4*m = 44. Calculate the remainder when 40 is divided by t.
12
Calculate the remainder when 14 is divided by (-11)/(-3) + 1/3.
2
Suppose -6*c + 3*c = -60. Calculate the remainder when c is divided by 8/(-10)*(-30)/4.
2
Suppose -5*g = -4*g - 3. Suppose 5*c - 3*s = s + 145, 0 = -c + g*s + 18. Calculate the remainder when c is divided by 12.
9
Let r(s) = -s**2 - 7*s - 6. Let f be r(-4). Suppose -5 = -4*v + 11. Let u = v + f. Calculate the remainder when 19 is divided by u.
9
Let l(a) = 2*a - 18 - 3*a - 5*a. What is the remainder when 34 is divided by l(-6)?
16
Suppose 4*i + i = 70. Calculate the remainder when 55 is divided by i.
13
Let u = 49 - 8. What is the remainder when u is divided by 22?
19
Let j = 43 + -22. What is the remainder when j is divided by 12?
9
Let l be (23 - -5) + 2 + 0. Let o be 78/15*l/1. Suppose 0 = 2*g, 3*g = 5*j - o + 46. Calculate the remainder when j is divided by 8.
6
Let y(q) = -q**3 + 2*q**2 + 4*q - 2. Let b be y(3). What is the remainder when (b*4)/((-8)/(-44)) is divided by 1*4*1*2?
6
Let t(c) = -15*c. What is the remainder when 2/(48/2130) + (-3)/4 is divided by t(-2)?
28
Suppose -2*h - 10 = 0, -2*o + 0*h - 48 = 2*h. Let n = -10 - o. What is the remainder when 35 is divided by n?
8
Suppose -2*r + h - 2*h + 376 = 0, -5*r = 3*h - 941. What is the remainder when r is divided by 27?
25
Let i(h) = -h**2 + 4*h + 4. Let y be i(4). Let f(k) = k**3 - 5*k**2 - 3*k**2 + y - 2*k + 9*k. Calculate the remainder when 7 is divided by f(7).
3
Suppose 3*p = 125 - 44. Suppose -3*d + p = -r, d + r - 1 = 4. What is the remainder when 21 is divided by d?
5
Suppose -11*b = -7*b - 204. Calculate the remainder when b is divided by 26.
25
Suppose 0 = -6*t + t. Let i(v) = -v + 8. Calculate the remainder when i(t) is divided by ((-5)/2)/(3/(-6)).
3
Suppose 0 = -c + 2*c - 116. Let z = 177 - c. Calculate the remainder when z is divided by 16.
13
Suppose 0 = -2*y - 4 + 22. Calculate the remainder when 15 is divided by y.
6
Suppose -2*v - 1 + 187 = 0. Calculate the remainder when v is divided by 32.
29
Let d(z) = -z**2 - 26*z + 19. What is the remainder when d(-26) is divided by 10?
9
Suppose 3*q = 5*q + 18. Suppose 2*l = -k - 31, 2*l = -5*k - 54 + 19. Let w = q - l. Calculate the remainder when 17 is divided by w.
5
Let w be (-5010)/9 + 2/(-6). Let s be w/(-3) + 4/(-6). Suppose -4*r - r + s = 0. What is the remainder when r is divided by 13?
11
What is the remainder when (-14)/(-12)*-4*78/(-4) is divided by 31?
29
Calculate the remainder when ((-9)/(-6))/3*32 is divided by ((-18)/(-4))/(2/4).
7
Let a = 16 + -6. Calculate the remainder when 19 is divided by a.
9
Suppose 2 - 3 = -k. Let y(o) = -k + 5 - o + 2 + 2*o. Calculate the remainder when y(6) is divided by 7.
5
Let p(i) = 4*i**2 + 4*i - 2. What is the remainder when 82 is divided by p(2)?
16
Suppose 5*n - 127 = -42. What is the remainder when n is divided by 5?
2
Suppose -h - 5 = 7. Let x be -11*(-1)/((-2)/4). Let y = h - x. What is the remainder when y is divided by 4?
2
Suppose s - 6 - 24 = 5*y, 0 = 5*s + 3*y - 178. What is the remainder when s is divided by 13?
9
Suppose 4*u + 86 = 1062. Suppose y - 5*y + u = 0. Calculate the remainder when y is divided by 16.
13
Suppose -11*r + 8*r + 48 = 0. What is the remainder when 31 is divided by r?
15
Let t be (-6)/(-1 - -4) - -14. Suppose -t = 3*m - 60. Let g = -13 + 60. What is the remainder when g is divided by m?
15
Suppose -4*q = -3*n - 2, 0 = -0*q - 5*q + 5*n + 